 - 3 + 7*q + 0 + 3*q**w. What is p(6)?
3
Let a(d) = -d**3 - 7*d**2 - 9*d - 4. Suppose -4*s - 16 = -2*h, 3*s + 7 = h - 7. Calculate a(s).
14
Suppose 0 = -0*t + 3*t - 3. Let w be 6 - 0*t/(-2). Let g(c) = c**3 - 6*c**2 - c + 3. Determine g(w).
-3
Let d(o) = -o - 5. Let l be d(0). Let w(i) = -6*i - 7. Give w(l).
23
Let s(z) = -1 + 2*z + 15*z**2 + 18*z**2 + 0*z - 24*z**2. Determine s(1).
10
Let f(a) = -a + 15. Let b = -14 + 16. Let m = 2 - b. Determine f(m).
15
Let n(f) = f**3 - 9*f**2 - f + 7. Let k be n(9). Let s(x) = x + 2. What is s(k)?
0
Let p(g) = g**2 - 7*g + 6. Let s be (-2)/(-16) - 47/(-8). Calculate p(s).
0
Let j = 6 + -9. Let y(b) = -5*b**3 - 8*b**2 - b. Let x(u) = -4*u**3 - 7*u**2 - u. Let k(f) = j*y(f) + 4*x(f). Determine k(-3).
-6
Let l(f) = 4*f + 4*f**2 - 5*f + 2*f - 2*f**2. Calculate l(-2).
6
Let i(k) = 3*k - 3. Let x be (-2)/2*(-1 + -3). What is i(x)?
9
Let x(y) = 3*y**2 + 1. Let t(r) = -7*r**2 + r - 3. Let u(p) = 4*t(p) + 9*x(p). Suppose a - 3*a = 8. Let n be 32/14 + a/14. What is u(n)?
1
Let d(w) = -w + 5. Suppose 3*f = 2*t + 11, f - 2*t - 3*t = 21. Let z be f*(-3 + 0 + -1). Let k = 4 + z. Give d(k).
5
Let j(h) = -2*h - 46. Let a be j(-25). Let o(m) = -m + 1. What is o(a)?
-3
Let p(i) = -3 - 3 + 0 + 5 + 7*i - i**2. What is p(6)?
5
Let n(z) = -z + 2. Let f(g) = -2*g + 4. Let c(p) = -4*f(p) + 9*n(p). Give c(5).
-3
Let v(n) = -n + 0*n - 2*n - 13 + n. Calculate v(-9).
5
Let i(d) = -2 - 13 + 0*d + 8 - d. Calculate i(-7).
0
Let v(s) = 7*s**2 + 9*s + 7. Let y(o) = 20*o**2 + 26*o + 20. Let j(t) = 17*v(t) - 6*y(t). Suppose 0 = -5*b - 4*d - 30, 3 = b + d - 2*d. Give j(b).
1
Let b be 21/105 + (-2 - 32/10). Let x(v) = v**3 + 4*v**2 - 6*v - 6. Give x(b).
-1
Let p(f) be the second derivative of -f**5/20 - f**3/6 - f**2/2 - 19*f. What is p(-2)?
9
Let t be (-54)/(-30) - 1/(-5). Let h(a) = -2 + 6*a**3 + 0*a + t + a. Determine h(-1).
-7
Let o = 70 - 65. Let d(u) = u**3 - 4*u**2 - 8*u + 3. Give d(o).
-12
Suppose 5 = 5*p - 0. Suppose -3 + p = -2*y. Suppose s + y = 3. Let r(j) = j**2 - j + 2. What is r(s)?
4
Let i(j) = 1. Let v(o) be the second derivative of -o**3/6 + 4*o**2 - 3*o. Let h(s) = 3*i(s) - v(s). Calculate h(6).
1
Let u(p) = 0*p - 4*p + 5 + p. Let w = -22 + 16. Let s = w - -10. Give u(s).
-7
Let u(t) be the first derivative of t**2/2 + 4*t + 8. Give u(-3).
1
Let v(m) = m + 1. Let i(z) = z**3 - 4*z**2. Let c be i(4). Suppose c*y + y = 0. Suppose 6*r - 3*r = -3*s + 6, 5*s + r - 14 = y. Calculate v(s).
4
Let j(h) = -h - 1. Suppose 0 = 5*i - 20 - 0, -n = i + 2. Give j(n).
5
Let f(p) = 7*p**3 + p**2 + p + 1. Suppose -2*s = -6*s + 4. Let c be (-1 - -5 - s) + -4. Calculate f(c).
-6
Let s(p) = -6*p**2 + 9*p + 11. Let j(t) = t**2 - 2*t - 2. Let f(x) = -11*j(x) - 2*s(x). Let n = -8 - -5. Determine f(n).
-3
Let a(c) = c**2 - 2*c - 1. Suppose -7 - 17 = 8*v. Determine a(v).
14
Let i(p) = -4*p + 1. Suppose 3*x + 4*d + 19 = 0, x - 6 = -x + 2*d. Determine i(x).
5
Suppose -l = -4*l + 3*a - 6, 5*l = 2*a + 2. Let j(q) be the second derivative of 2*q**l + 0 + 1/2*q**3 - 3*q. Calculate j(-4).
-8
Let z be 1*(-4 + 0) - 2. Let a(u) = -u**2 - 6*u - 1. Determine a(z).
-1
Let s be (-1)/(-2)*(-11)/(11/4). Let u(y) = -4*y - 2*y + 5*y + 2 - y**2. Calculate u(s).
0
Let z be 8/(-3)*4*15/(-40). Let q(j) = -3*j - 2. Let p(r) = 1. Let b(y) = 4*p(y) + q(y). Calculate b(z).
-10
Let v(w) = 6*w**2 - w + 7. Let z(l) = 5*l**2 - 2*l + 6. Let a(h) = 4*v(h) - 5*z(h). Determine a(4).
6
Let w(t) = t**2 - 5*t + 4. Suppose 0 = -d - 0*d - 5*m - 28, -4 = -2*d + 5*m. Let g be -15*(d/6 + 1). What is w(g)?
4
Let d = 19 + -9. Suppose -2*k = 3*k + 5*v - d, 4*k - 2*v - 14 = 0. Let t(n) = n. Determine t(k).
3
Let b(y) = 2*y**2 + 2*y - 2. Let j be (2/(-2))/1 + -1. Let z be b(j). Let h(x) = -z*x + 5*x + x**2 + 3*x + 3. Calculate h(-4).
-5
Let h(m) = 3*m - m - m + 0*m - 1. Give h(-1).
-2
Let q(b) = -b**2 + 4*b - 18*b - 1 + 9. Calculate q(-15).
-7
Let m(a) be the second derivative of 0 - 6*a**2 - 1/6*a**3 - 7*a. Give m(-8).
-4
Let o(z) be the third derivative of -z**4/24 + 2*z**3/3 + 45*z**2. Calculate o(-8).
12
Let a(j) = 0 - 9 + 2 + 2 + 2*j. Let z(c) = c - 3. Let r(u) = -6*a(u) + 11*z(u). Let q be ((-15)/(-6))/(1/(-2)). Determine r(q).
2
Let f(l) = -l**3 - 5*l**2 - l + 1. Let x(k) = -k + 2. Let o be x(6). Suppose 7*i = 2*i - 45. Let m = i - o. Calculate f(m).
6
Let b(q) = -3*q - 1. Suppose 0 = 3*y + 2*y - 20. Suppose 2*c = m - 4, 0*m - y = -m - 4*c. Let z = m - 2. Determine b(z).
-7
Let l(q) = -q**2 - 4*q + 14. Let p be l(-7). Let j(u) = u**2 + 9*u - 4. What is j(p)?
-18
Let f be (-3)/6 + 2/4. Let w(a) be the second derivative of a**6/360 - a**5/120 - a**4/8 - a**3/3 - 3*a. Let n(l) be the second derivative of w(l). Give n(f).
-3
Let s(a) = 5*a**2 + 15*a + 1. Let g(p) = -p**2 - p. Let j(h) = 6*g(h) + s(h). Give j(9).
1
Let q(d) = -d**2 - d + 1. Let k be 5 - (-4 + (-18)/(-3)). Determine q(k).
-11
Let m(t) be the third derivative of t**5/60 + t**4/24 - 14*t**2. Determine m(-3).
6
Let u = -5 - -12. Let b(i) be the second derivative of i**5/20 - i**4/2 - 7*i**3/6 + 7*i**2/2 - 132*i. Give b(u).
7
Let w(j) = 4*j**3 - 1. Suppose -3 = 2*y - 5. Let p be w(y). Let g(f) be the second derivative of f**4/12 - f**3/3 + 2*f**2 + 3*f. Determine g(p).
7
Let i(o) = -o**3 - 4*o**2 - 5*o - 4. Suppose -6*d + d = 0. Suppose 4 = -4*n - 2*c - d, -2*n - 3*c + 6 = 0. Give i(n).
2
Let x be (-5)/(15/6) + 7. Let l(b) = -b + 7. Give l(x).
2
Let t(r) = r - 9. Suppose 0 = c + 5*z - 12, 2*c + 0*z = 2*z. Suppose -j = -c*j + 4. Give t(j).
-5
Let n be 15 + 2 + 2 + -1. Let z = n + -8. Let y(b) = b - 7. Let p be y(z). Let m(t) = -t**3 + 3*t**2 - 2*t + 4. What is m(p)?
-2
Suppose 0 = -2*u - 0*u + 184. Let g be (-6)/(-21) + u/(-28). Let p(a) be the first derivative of a**4/4 + 4*a**3/3 + a**2/2 - 4*a + 1. What is p(g)?
2
Let p(c) = c**2 - 7*c + 4. Let h(d) = d**3 + 9*d**2 + 6*d - 10. Let y be h(-8). Calculate p(y).
-2
Let z(j) = -j**2 - 7*j - 7. Let a(g) = g**2 + 7*g + 7. Let y(x) = -4*a(x) - 5*z(x). What is y(-5)?
-3
Let i(d) = -d**2 + 9*d - 6. Let s(y) = y**2 - 8*y + 6. Let n(b) = 3*i(b) + 2*s(b). Give n(7).
22
Let n(m) = -m**2 + m - 1. Suppose -12 = o + 3*p - 0*p, -4*o - p = -7. Let x(q) = -4*q**2 + 8*q - 5. Let k(i) = o*n(i) - x(i). Determine k(6).
8
Let s(o) be the second derivative of 7*o**5/20 - o**4/12 + o**2/2 + 7*o. Calculate s(1).
7
Let v(q) be the third derivative of -1/5*q**5 + 1/6*q**3 - 1/24*q**4 + 0*q + 0 - 7*q**2. Determine v(1).
-12
Let x(n) = 3*n + 0 - 4*n - 5 + 1. Suppose -f = -2*w - 12, 0 = -4*f + 2*f - 2*w + 6. What is x(f)?
-10
Let t(b) = -3*b**3 + 1 + 4*b**3 + 4*b - 8*b - 2*b**2. Let c = 9 + -6. Calculate t(c).
-2
Let n(x) = -5*x. Let k be -7*(5 - (-108)/(-21)). What is n(k)?
-5
Let f = -56 + 93. Let s be f/13 - (-6)/39. Let b = s - 8. Let p(w) = -w**2 - 2*w + 7. Calculate p(b).
-8
Let d(x) be the first derivative of 2*x - 2 + 1/2*x**2. Give d(-4).
-2
Let k(q) be the third derivative of -2*q**2 + 1/24*q**4 - 1/120*q**6 - 1/60*q**5 + 1/3*q**3 + 0*q + 0. Let f = -1 - -1. Give k(f).
2
Suppose 0 = -2*c - 0 + 8. Suppose -3*b = -c*o, 0*b - 2*b = 5*o. Let s(g) = g + 6. What is s(o)?
6
Suppose -8*r = -4*r - 20. Let v(h) = 0 - 88*h**2 + 89*h**2 - 2 - r*h. Let z be (-2)/(-8) + (-30)/(-8). Determine v(z).
-6
Let o(r) = -r - 5. Let h be o(-4). Let c = -1 + h. Let n(j) = -j**3 + j**2 + 2*j + 1. Give n(c).
9
Let h(k) = -k**2 - 10*k - 2. Let v(s) = -s**3 - 26*s**2 - 23*s + 40. Let z be v(-25). Determine h(z).
-2
Let a(n) = -4*n + 4. Let h(d) = d - 1. Suppose 3*i = 16 - 1. Let j(s) = i*h(s) + a(s). Calculate j(5).
4
Let a(k) = -4*k + 7. Let q(h) = -h. Let u(g) = -a(g) + 5*q(g). Determine u(-6).
-1
Suppose 3*u = -0*b - b + 238, 4*u - b = 322. Let p be ((-2)/5)/((-8)/u). Let n = p - 6. Let d(l) = 2*l**2 + 4*l + 3. What is d(n)?
3
Suppose 2*b + b = -4*p - 11, 0 = -5*b - 2*p - 9. Let a(i) = -3*i + 10 + i - 9 + i - 2*i. Give a(b).
4
Let c(p) = 26*p**2 - 9*p. Let u = -4 + 15. Let a(f) = 5*f**2 - 2*f. Let b(g) = u*a(g) - 2*c(g). Determine b(3).
15
Let w(b) = -5*b**2 - 2 - 2 - b**2 + b + 0*b**2 + b**3. What is w(6)?
2
Let w(f) = -f**3 + 5*f**2 - 4*f + 2. Suppose 4*x + 6*y - 3*y = -23, 0 = -2*x - 2*y - 12. Let b be ((-4)/x)/(1/5). What is w(b)?
2
Let z(f) = 2*f**2 + 1. Let k(g) = 5*g**2 + 2. Let c(y) = 3*k(y) - 7*z(y). Calculate c(1